. Suppose 12*l + 75 = 7*l. Let c(k) = -k + 3. What is the remainder when v is divided by c(l)?
16
Suppose 5*g - 2*z = -68, 3*z + 44 = -3*g + z. Let s = -11 - g. Suppose 5*o - 50 = -s*v, v + 30 = 3*o - 4*v. Calculate the remainder when 39 is divided by o.
9
Let b(l) = l**2 - 17*l - 8. Let g be b(16). Let x = -22 - g. What is the remainder when (-2)/(-1) + 6 + -2 + -2 is divided by x?
0
Let w(h) = -17*h + 8. Let v be w(-4). Suppose k + 4*c - 18 = 12, 5*c = -3*k + v. What is the remainder when 86 is divided by k?
20
Let k = 1709 - 1652. What is the remainder when 288 is divided by k?
3
Let z(j) = 63*j + 1. Let h = -1556 - -1569. What is the remainder when z(1) is divided by h?
12
Suppose -r - 19 = -5*g + r, -15 = -5*r. Suppose -17 = -p - g. What is the remainder when 45 is divided by p?
9
Let p = 5 + 35. Suppose -2*j + 3*j - p = 5*a, 4*j - 3*a - 194 = 0. What is the remainder when j is divided by 13?
11
Suppose -x - 3*x + 101 = 3*u, 4*x + 4*u = 100. Calculate the remainder when 75 is divided by x.
23
Suppose q = -2*m + 14, -3*m = -m - 2*q - 8. Calculate the remainder when 34 is divided by m.
4
Let h be 3/(-3) - 9/(-1). Suppose h = 3*s - s. Suppose 33 = g - z, 5*z = -s*g - 0*z + 141. Calculate the remainder when g is divided by 9.
7
Let l(k) = 3*k + 2. Let a be l(0). Suppose 0 = -3*m + 3*v + 72, a*v - 1 = -m + 14. What is the remainder when 83 is divided by m?
20
Let t be 12/(0 - 3) - 8*-1. Suppose -2*u + 5*p + 221 = 0, 336 = 3*u - t*p + p. What is the remainder when u is divided by 38?
37
Suppose 4*o - 820 = 3*m + 846, m = 4*o - 1670. What is the remainder when o is divided by 103?
6
Let w be ((-348)/(-10))/((-12)/40). Let i = 150 + w. Calculate the remainder when i is divided by 23.
11
Let i(c) = c**2 - 5*c - 8. Let h be i(-5). Suppose 4*s - 18 - h = 0. Calculate the remainder when 44 is divided by s.
14
Let h(p) = -p + 106. What is the remainder when h(9) is divided by 52?
45
Let g(o) be the second derivative of o**5/20 - 11*o**4/12 + 11*o**3/6 - 7*o**2/2 + 5*o. Let h = -4 - -14. What is the remainder when g(h) is divided by 3?
0
Suppose 0 = u - 5*k - 29, 5*u - k - 225 = 4*k. Calculate the remainder when u is divided by ((-100)/(-8))/(2/4).
24
Let y(v) = -v**2 + 16*v + 21. Let x be y(15). Let r = x - 8. What is the remainder when 166 is divided by r?
26
Suppose 0 = 2*l - 5*l + 681. Let i(w) = -w**3 - 18*w**2 + 61*w + 43. Let n be i(-21). Suppose -4*k + n + l = 0. What is the remainder when k is divided by 27?
24
Suppose 2*k = 492 - 134. Let t = k + -92. Let q = -47 + t. What is the remainder when q is divided by 14?
12
Suppose -7*v + 30 = -5*v. Let i = v - 25. What is the remainder when (2 - (-28)/(-8))*i is divided by 9?
6
Let d = 48 - 47. Suppose d + 3 = -c, -3*g - 3*c = -3. Calculate the remainder when 14 is divided by g.
4
Let c(g) = -g**3 + g**2 + 11*g + 28. What is the remainder when 179 is divided by c(-3)?
24
What is the remainder when ((-84)/(-12) - 118)*-1 is divided by 111?
0
Let y(f) = -10*f + 2. Let q be y(-1). Let m = q - 15. Calculate the remainder when -2 + 37 - (3 + m) is divided by 6.
5
Let x = -8 + 31. Suppose -3*h - 4*f + 4 + 3 = 0, 5*h - x = -f. What is the remainder when 9 is divided by h?
4
Let c = -56 - -56. Let g = c - -35. What is the remainder when 172 is divided by g?
32
Let y = 4 - -32. Let q(p) = -p**2 - 27*p + 105. Calculate the remainder when q(-27) is divided by y.
33
Let p = 936 + -887. Calculate the remainder when p is divided by 34.
15
Let g(o) = o**3 - 4*o + 37. Calculate the remainder when g(0) is divided by 12.
1
Suppose -11*v + 842 - 248 = 0. What is the remainder when 106 is divided by v?
52
Let j(d) = 7*d - 9. Let m be j(3). Let g = 6 + 0. Let c = g + m. Calculate the remainder when c is divided by 7.
4
Let z(q) = -7*q - 1. Let f be (63/42)/((-3)/4). What is the remainder when 24 is divided by z(f)?
11
Let a = 50 + -48. Suppose 2*o - a = 3*o - 2*v, 2*o + 3*v - 10 = 0. What is the remainder when 3 is divided by o?
1
Let f = -106 - -120. Let g = 70 + -30. Calculate the remainder when g is divided by f.
12
Suppose 385 = 5*s + 4*x, 5*s + 4*x - 312 = s. Let u(o) be the first derivative of -9*o**4/2 + o + 14. Calculate the remainder when s is divided by u(-1).
16
Suppose 11*c + 440 = 7*c. Let z = 123 + c. What is the remainder when 49 is divided by z?
10
Let l(a) = 5*a - 18*a + 13 + 3*a. What is the remainder when l(-4) is divided by 11?
9
Let u = -25 + 48. What is the remainder when 66 is divided by u?
20
Let m(b) = 26*b - 4. Let s be m(11). Let w be s/54 - 2/9. Suppose j + 50 = w*q, -3*q + 22 = -2*j + 3*j. What is the remainder when 16 is divided by q?
7
What is the remainder when 7 + 192/(-6 - -10) is divided by 154/8 - 1/4?
17
Let f = 395 - 278. Calculate the remainder when f is divided by 178/9 - -2*(-3)/(-27).
17
Calculate the remainder when 334 is divided by (6 + -2 - (5 - 0))*-28.
26
Suppose 2*b + 4*l - 60 = -2*b, -4*l - 59 = -3*b. Let f = 19 - b. Suppose j = -p - f*p + 285, 0 = -2*j + 6. What is the remainder when p is divided by 24?
22
Suppose 4*q - 176 = -4*y, 0 = -5*y + 3*q + q + 202. What is the remainder when 12 is divided by y/9 + (-5)/(-15)?
2
Suppose -4*w + 16 = 2*d, -3*w - d - d + 12 = 0. Calculate the remainder when 162/w*(-8)/(-6) is divided by 28.
26
Let h = -879 + 889. Calculate the remainder when 10 is divided by h.
0
Let j = 183 + -167. Calculate the remainder when 66 is divided by j.
2
Let v(y) = 2*y + 7. Let k be v(2). Suppose 3*q - 5*f = k, 3*q + 3*f - 17 = 5*f. Calculate the remainder when 18 is divided by q.
4
Suppose 72*y - 83*y = -748. What is the remainder when 406 is divided by y?
66
Suppose 145 = 5*w - 185. Suppose 0 = -2*o - 3*o + 5*q + 155, -5*o - 4*q = -182. What is the remainder when w is divided by o?
32
Suppose -6*t - 80 = -422. What is the remainder when 113 is divided by t?
56
Suppose 70 = 2*n - 20. Suppose 12*i - 7*i = n. Calculate the remainder when i is divided by 3.
0
Suppose -v - 2*t = -21, t - 56 = -3*v + 2*t. What is the remainder when 34 is divided by v/((10/(-2))/(-5))?
15
Suppose -4*v = 16, -16 = 3*p - 0*p + v. Calculate the remainder when 38 is divided by p/(-1*10/25).
8
Let s = 329 - 314. Calculate the remainder when 236 is divided by s.
11
Let t(i) = 19*i - 120. What is the remainder when 124 is divided by t(8)?
28
Let c = 37 - 14. Let y = 38 - -75. Let z = 203 - y. Calculate the remainder when z is divided by c.
21
Let y = -45 + 63. Calculate the remainder when 52 is divided by y.
16
Let q(p) = -15*p - 121. Suppose -16 = 4*g, n - 84 = -3*n - 4*g. Calculate the remainder when q(-13) is divided by n.
24
Suppose -9*x - 76 = -13*x. What is the remainder when x is divided by 5?
4
Let y(n) = 82*n**2 + 27*n - 17. Calculate the remainder when y(4) is divided by 27.
26
Let i be -4 - -11*(-5)/1. Let o = i - -91. What is the remainder when 124 is divided by o?
28
Let s be (-5)/(-10)*(1 - -117). Let m = s + -42. Calculate the remainder when m is divided by 10.
7
Let n(r) = -r**2 + 12*r + 5. Let z be n(12). Suppose -z*o = 17 - 67. Calculate the remainder when o is divided by 6.
4
Suppose 0 = -24*w + 19*w + 255. Let r = w + -35. What is the remainder when 63 is divided by r?
15
Suppose 3*b - 905 = -y, 509 = 2*b - 3*y - 109. What is the remainder when b is divided by 34?
31
Let o = 307 - 213. What is the remainder when o is divided by 27?
13
Suppose 4*p + 1 = 5*p. Suppose -y + 3*q + p - 3 = 0, 2*y = q + 11. Calculate the remainder when 27 is divided by y.
6
Let k(x) = -x**2 + 17*x + 21. Let a(z) = -z**2 - 16*z - 1. Let y = -16 + 9. What is the remainder when a(y) is divided by k(17)?
20
Suppose 4*i - 2*r - 3*r = 49, -3*i - r + 32 = 0. Let j = i - 14. Calculate the remainder when 32 - (j + 4)*-3 is divided by 19.
16
Let o(p) = p**3 - p**2 - 3*p - 4. What is the remainder when (-466)/(-42) - 42/441 is divided by o(3)?
1
Suppose -q + 17 = 3*j - 6*q, -5*j + 53 = 4*q. Let m(g) = 38*g**2 + 4*g + 2. Let c be m(-1). Suppose -c = b - 39. Calculate the remainder when j is divided by b.
0
Suppose 0 = -24*c + 1618 + 806. Suppose 0 = -2*n - 4*m + 52, 6 = -2*n + 4*m + 58. What is the remainder when c is divided by n?
23
Let o be (-2 + (-28)/20)*-5. Suppose o = 3*y + 4*w - 30, 2*w = 10. Let t = -2 + y. Calculate the remainder when t is divided by 4.
3
Let w = -40 + 58. Calculate